{"id":568,"date":"2022-08-30T19:26:17","date_gmt":"2022-08-30T19:26:17","guid":{"rendered":"https:\/\/revitalization.localdevelopment.eu\/?page_id=568"},"modified":"2022-11-17T21:09:12","modified_gmt":"2022-11-17T21:09:12","slug":"kontakt","status":"publish","type":"page","link":"https:\/\/revitalization.localdevelopment.eu\/?page_id=568","title":{"rendered":"Kontakt"},"content":{"rendered":"<style>\/*! elementor - v3.8.1 - 13-11-2022 *\/\n.elementor-widget-image{text-align:center}.elementor-widget-image a{display:inline-block}.elementor-widget-image a img[src$=\".svg\"]{width:48px}.elementor-widget-image img{vertical-align:middle;display:inline-block}<\/style>\n<p>\t\t\t\t\t\t\t\t\t\t\t\t<img decoding=\"async\" width=\"1024\" height=\"202\" src=\"https:\/\/revitalization.localdevelopment.eu\/wp-content\/uploads\/2022\/08\/contact-us-g58164a7ca_1920-e1661891526915-1024x202.jpg\" alt=\"\" loading=\"lazy\" srcset=\"https:\/\/revitalization.localdevelopment.eu\/wp-content\/uploads\/2022\/08\/contact-us-g58164a7ca_1920-e1661891526915-1024x202.jpg 1024w, https:\/\/revitalization.localdevelopment.eu\/wp-content\/uploads\/2022\/08\/contact-us-g58164a7ca_1920-e1661891526915-300x59.jpg 300w, https:\/\/revitalization.localdevelopment.eu\/wp-content\/uploads\/2022\/08\/contact-us-g58164a7ca_1920-e1661891526915-768x152.jpg 768w, https:\/\/revitalization.localdevelopment.eu\/wp-content\/uploads\/2022\/08\/contact-us-g58164a7ca_1920-e1661891526915-920x182.jpg 920w, https:\/\/revitalization.localdevelopment.eu\/wp-content\/uploads\/2022\/08\/contact-us-g58164a7ca_1920-e1661891526915-230x45.jpg 230w, https:\/\/revitalization.localdevelopment.eu\/wp-content\/uploads\/2022\/08\/contact-us-g58164a7ca_1920-e1661891526915-350x69.jpg 350w, https:\/\/revitalization.localdevelopment.eu\/wp-content\/uploads\/2022\/08\/contact-us-g58164a7ca_1920-e1661891526915-480x95.jpg 480w, https:\/\/revitalization.localdevelopment.eu\/wp-content\/uploads\/2022\/08\/contact-us-g58164a7ca_1920-e1661891526915.jpg 1094w\" sizes=\"auto, (max-width: 1024px) 100vw, 1024px\" \/>\t\t\t\t\t\t\t\t\t\t\t\t\t\t\t<\/p>\n<style>\/*! elementor - v3.8.1 - 13-11-2022 *\/\n.elementor-widget-divider{--divider-border-style:none;--divider-border-width:1px;--divider-color:#2c2c2c;--divider-icon-size:20px;--divider-element-spacing:10px;--divider-pattern-height:24px;--divider-pattern-size:20px;--divider-pattern-url:none;--divider-pattern-repeat:repeat-x}.elementor-widget-divider .elementor-divider{display:-webkit-box;display:-ms-flexbox;display:flex}.elementor-widget-divider .elementor-divider__text{font-size:15px;line-height:1;max-width:95%}.elementor-widget-divider .elementor-divider__element{margin:0 var(--divider-element-spacing);-ms-flex-negative:0;flex-shrink:0}.elementor-widget-divider .elementor-icon{font-size:var(--divider-icon-size)}.elementor-widget-divider .elementor-divider-separator{display:-webkit-box;display:-ms-flexbox;display:flex;margin:0;direction:ltr}.elementor-widget-divider--view-line_icon .elementor-divider-separator,.elementor-widget-divider--view-line_text .elementor-divider-separator{-webkit-box-align:center;-ms-flex-align:center;align-items:center}.elementor-widget-divider--view-line_icon .elementor-divider-separator:after,.elementor-widget-divider--view-line_icon .elementor-divider-separator:before,.elementor-widget-divider--view-line_text .elementor-divider-separator:after,.elementor-widget-divider--view-line_text .elementor-divider-separator:before{display:block;content:\"\";border-bottom:0;-webkit-box-flex:1;-ms-flex-positive:1;flex-grow:1;border-top:var(--divider-border-width) var(--divider-border-style) var(--divider-color)}.elementor-widget-divider--element-align-left .elementor-divider .elementor-divider-separator>.elementor-divider__svg:first-of-type{-webkit-box-flex:0;-ms-flex-positive:0;flex-grow:0;-ms-flex-negative:100;flex-shrink:100}.elementor-widget-divider--element-align-left .elementor-divider-separator:before{content:none}.elementor-widget-divider--element-align-left .elementor-divider__element{margin-left:0}.elementor-widget-divider--element-align-right .elementor-divider .elementor-divider-separator>.elementor-divider__svg:last-of-type{-webkit-box-flex:0;-ms-flex-positive:0;flex-grow:0;-ms-flex-negative:100;flex-shrink:100}.elementor-widget-divider--element-align-right .elementor-divider-separator:after{content:none}.elementor-widget-divider--element-align-right .elementor-divider__element{margin-right:0}.elementor-widget-divider:not(.elementor-widget-divider--view-line_text):not(.elementor-widget-divider--view-line_icon) .elementor-divider-separator{border-top:var(--divider-border-width) var(--divider-border-style) var(--divider-color)}.elementor-widget-divider--separator-type-pattern{--divider-border-style:none}.elementor-widget-divider--separator-type-pattern.elementor-widget-divider--view-line .elementor-divider-separator,.elementor-widget-divider--separator-type-pattern:not(.elementor-widget-divider--view-line) .elementor-divider-separator:after,.elementor-widget-divider--separator-type-pattern:not(.elementor-widget-divider--view-line) .elementor-divider-separator:before,.elementor-widget-divider--separator-type-pattern:not([class*=elementor-widget-divider--view]) .elementor-divider-separator{width:100%;min-height:var(--divider-pattern-height);-webkit-mask-size:var(--divider-pattern-size) 100%;mask-size:var(--divider-pattern-size) 100%;-webkit-mask-repeat:var(--divider-pattern-repeat);mask-repeat:var(--divider-pattern-repeat);background-color:var(--divider-color);-webkit-mask-image:var(--divider-pattern-url);mask-image:var(--divider-pattern-url)}.elementor-widget-divider--no-spacing{--divider-pattern-size:auto}.elementor-widget-divider--bg-round{--divider-pattern-repeat:round}.rtl .elementor-widget-divider .elementor-divider__text{direction:rtl}.e-con-inner>.elementor-widget-divider,.e-con>.elementor-widget-divider{width:var(--container-widget-width,100%)}<\/style>\n<p><strong>Fundacja Centrum Rozwoju Lokalnego<\/strong><\/p>\n<p>20-126 Lublin, ul. G\u0142\u0119boka 45 (Budynek Wydzia\u0142u Politologii i Dziennikarstwa UMCS), pok. 529<\/p>\n<p>tel. +48 602 433 676<\/p>\n<style>\/*! elementor - v3.8.1 - 13-11-2022 *\/\n.elementor-widget-google_maps .elementor-widget-container{overflow:hidden}.elementor-widget-google_maps iframe{height:300px}<\/style>\n<p>\t\t\t<iframe frameborder=\"0\" scrolling=\"no\" marginheight=\"0\" marginwidth=\"0\"\n\t\t\t\t\tsrc=\"https:\/\/maps.google.com\/maps?q=20-126%20Lublin%2C%20ul.%20G%C5%82%C4%99boka%2045&#038;t=m&#038;z=10&#038;output=embed&#038;iwloc=near\"\n\t\t\t\t\ttitle=\"20-126 Lublin, ul. G\u0142\u0119boka 45\"\n\t\t\t\t\taria-label=\"20-126 Lublin, ul. G\u0142\u0119boka 45\"\n\t\t\t><\/iframe><\/p>\n<style>\/*! elementor - v3.8.1 - 13-11-2022 *\/\n.elementor-heading-title{padding:0;margin:0;line-height:1}.elementor-widget-heading .elementor-heading-title[class*=elementor-size-]>a{color:inherit;font-size:inherit;line-height:inherit}.elementor-widget-heading .elementor-heading-title.elementor-size-small{font-size:15px}.elementor-widget-heading .elementor-heading-title.elementor-size-medium{font-size:19px}.elementor-widget-heading .elementor-heading-title.elementor-size-large{font-size:29px}.elementor-widget-heading .elementor-heading-title.elementor-size-xl{font-size:39px}.elementor-widget-heading .elementor-heading-title.elementor-size-xxl{font-size:59px}<\/style>\n<h4>Formularz kontaktowy:<\/h4>\n<form data-form_id=\"4\" id=\"fluentform_4\" data-form_instance=\"ff_form_instance_4_1\" method=\"POST\" ><input type='hidden' name='__fluent_form_embded_post_id' value='568' \/><input type=\"hidden\" id=\"_fluentform_4_fluentformnonce\" name=\"_fluentform_4_fluentformnonce\" value=\"f502bef739\" \/><input type=\"hidden\" name=\"_wp_http_referer\" value=\"\/wp-admin\/admin-ajax.php\" \/><label for='ff_4_names_first_name_'>Imi\u0119<\/label> <input type=\"text\" name=\"names[first_name]\" id=\"ff_4_names_first_name_\" placeholder=\"Imi\u0119\" ><label for='ff_4_names_last_name_'>Nazwisko<\/label> <input type=\"text\" name=\"names[last_name]\" id=\"ff_4_names_last_name_\" placeholder=\"Nazwisko\" ><label for='ff_4_email'>Email<\/label> <input type=\"email\" name=\"email\" id=\"ff_4_email\" placeholder=\"Adres email\" data-name=\"email\" ><label for='ff_4_message'>Wiadomo\u015b\u0107<\/label> <textarea name=\"message\" id=\"ff_4_message\" placeholder=\"Twoja wiadomo\u015b\u0107\" rows=\"4\" cols=\"2\" data-name=\"message\" ><\/textarea><button type=\"submit\" >Submit Form<\/button><\/form>\n","protected":false},"excerpt":{"rendered":"<p>Fundacja Centrum Rozwoju Lokalnego 20-126 Lublin, ul. G\u0142\u0119boka 45 (Budynek Wydzia\u0142u Politologii i Dziennikarstwa UMCS), pok. 529 tel. +48 602 433 676 Formularz kontaktowy: Imi\u0119 [&hellip;]<\/p>\n","protected":false},"author":1,"featured_media":0,"parent":0,"menu_order":0,"comment_status":"closed","ping_status":"closed","template":"elementor_header_footer","meta":{"ngg_post_thumbnail":0,"footnotes":""},"class_list":["post-568","page","type-page","status-publish","hentry"],"_links":{"self":[{"href":"https:\/\/revitalization.localdevelopment.eu\/index.php?rest_route=\/wp\/v2\/pages\/568","targetHints":{"allow":["GET"]}}],"collection":[{"href":"https:\/\/revitalization.localdevelopment.eu\/index.php?rest_route=\/wp\/v2\/pages"}],"about":[{"href":"https:\/\/revitalization.localdevelopment.eu\/index.php?rest_route=\/wp\/v2\/types\/page"}],"author":[{"embeddable":true,"href":"https:\/\/revitalization.localdevelopment.eu\/index.php?rest_route=\/wp\/v2\/users\/1"}],"replies":[{"embeddable":true,"href":"https:\/\/revitalization.localdevelopment.eu\/index.php?rest_route=%2Fwp%2Fv2%2Fcomments&post=568"}],"version-history":[{"count":40,"href":"https:\/\/revitalization.localdevelopment.eu\/index.php?rest_route=\/wp\/v2\/pages\/568\/revisions"}],"predecessor-version":[{"id":1076,"href":"https:\/\/revitalization.localdevelopment.eu\/index.php?rest_route=\/wp\/v2\/pages\/568\/revisions\/1076"}],"wp:attachment":[{"href":"https:\/\/revitalization.localdevelopment.eu\/index.php?rest_route=%2Fwp%2Fv2%2Fmedia&parent=568"}],"curies":[{"name":"wp","href":"https:\/\/api.w.org\/{rel}","templated":true}]}}